ulate the greatest common factor of 92 and b.
23
Let z(x) = -9*x - 35. Let a be z(-10). Let q = 125 - a. Calculate the greatest common divisor of 28 and q.
14
Suppose 0*l + 4*h + 1503 = 5*l, 4*h = -l + 291. Calculate the highest common divisor of 13 and l.
13
Let r = 2 - 2. Suppose -2*h + r*h + 100 = 0. Let x = 205 + -185. Calculate the greatest common divisor of h and x.
10
Suppose -3*c + 0*c + 38 = -v, 3*c - 23 = -2*v. Let m = c + -9. Suppose -g + m*g + k = 105, -3*g + k + 295 = 0. Calculate the highest common factor of 20 and g.
20
Let f(d) = -28*d - 11. Let m(v) = -30*v - 11. Let n(x) = 5*f(x) - 4*m(x). Let o be n(-2). What is the highest common divisor of 261 and o?
29
Suppose 4*k - 2*k = 234. Let g be 12 + -5*3/(-15). What is the highest common factor of k and g?
13
Let h be 178*1/6*3. Suppose 3*u - h = -71. What is the highest common factor of 12 and u?
6
Let q(b) = -61*b + 3. Let g be q(-5). Let l(z) = -20 - 3*z + 8 - 2*z. Let o be l(-8). What is the highest common divisor of g and o?
28
Let u = 95 - -19. Calculate the highest common factor of 1064 and u.
38
Suppose 4*r + 3*r - 875 = 0. Calculate the greatest common factor of r and 5.
5
Let a = 1108 + -1067. What is the highest common divisor of a and 369?
41
Let n(y) = -53 + 58 + 2*y**2 + 9*y - 3*y**2. Let w be n(9). Calculate the highest common divisor of w and 40.
5
Let u(l) = 17*l**2 + 5*l - 1. Let x be u(-4). Let j = -125 + x. Suppose -m + 14 = -0*m. What is the greatest common factor of m and j?
14
Let p(f) = -f**3 - 11*f**2 - 12*f - 14. Let u be p(-10). Let o be (-3 - u)/3 - -4. Let q be 12 - (3 - 2)/o. Calculate the greatest common factor of 11 and q.
11
Suppose -5032 = 38*v - 46*v. What is the greatest common divisor of v and 185?
37
Suppose -6*o = -7*o - 3*l + 135, -5*l + 389 = 3*o. What is the highest common factor of o and 533?
41
Let p be 461/3 + (-2)/3. Let z be -2 + 5/(15/p). Suppose 2*n + 5*d + z - 114 = 0, -5*n = 3*d - 153. What is the greatest common divisor of n and 15?
15
Let b be 36/(-8)*(-16)/3. Let w be (-3)/4*b/1. Let d = 25 + w. What is the greatest common factor of d and 7?
7
Let a(d) be the third derivative of -d**6/120 - 19*d**5/60 - 19*d**4/24 - 7*d**3/6 + 8*d**2. Let q be a(-18). What is the highest common divisor of 55 and q?
11
Let t(z) = 2*z**2 - 2*z - 5. Let u(p) = -p**3 - 10*p**2 - 10*p - 5. Let l be u(-9). Let r be t(l). What is the highest common factor of r and 95?
19
Let v(u) = 2*u + 6. Let y be v(-3). Let l be (-6)/(-3) + (y - 11). Let z be ((-12)/(-4))/(l/(-33)). Calculate the greatest common divisor of 121 and z.
11
Suppose -l + 30 = -2*l. Let y = l - -34. Suppose -x + c + 57 = 0, c = 3*x - y*c - 173. Calculate the highest common factor of x and 14.
14
Suppose 0 = 17*n - 19*n + 1120. What is the greatest common factor of n and 70?
70
Let f = 182 - 179. What is the highest common divisor of 10 and f?
1
Let v be (-37 - 3)*(-66)/8. Suppose -374 - v = -4*y. Let q(b) = -5*b + 2. Let d be q(-4). Calculate the highest common divisor of y and d.
22
Suppose -28 - 764 = -11*d. What is the greatest common factor of d and 240?
24
Let z(x) = 17*x - 26. Let o be z(4). Let j = o - -9. Calculate the greatest common factor of 17 and j.
17
Suppose y + 10 = 6*y. Suppose 0 = -3*w + d + 47, -d + 33 = y*w - 0*d. Let h be ((-5)/((-45)/432))/2. Calculate the highest common factor of w and h.
8
Suppose -2*n = 3*n + 3*y - 1642, -3*y + 12 = 0. Suppose 26 - n = 5*a. Let i = 170 + a. What is the greatest common factor of i and 10?
10
Suppose -1007 = -5*z + 448. What is the greatest common divisor of z and 6?
3
Let n(w) = 20*w**2 - 3*w - 1. Suppose 4*p - p = 6. Suppose 0 = p*z, g - 5*z + 2 = -g. Let c be n(g). What is the greatest common factor of c and 198?
22
Suppose -s - g + 150 = 0, 3*s + 4*g - 292 = s. Let q(v) = -v + 4. Let z be q(-10). Calculate the highest common divisor of s and z.
14
Let y(d) be the first derivative of -d**4/4 + d**3/3 + d**2/2 + 48*d - 2. Let t = -78 - -78. Let j be y(t). What is the highest common factor of j and 16?
16
Let r(o) = o**3 - 10*o**2 + 19*o - 15. Let t be r(8). Calculate the highest common divisor of 45 and t.
9
Suppose 22*w - 610 = 3834. Calculate the greatest common divisor of w and 909.
101
Suppose -f = -g + 4*g - 39, -3*g - 33 = -f. Let l be 2/(-8) + f/16. Suppose 5*p + 2652 = 2702. What is the greatest common divisor of p and l?
2
Let b = 1404 - 1368. Calculate the greatest common divisor of b and 180.
36
Let h be (-18)/12*370/(-15). What is the greatest common factor of 37 and h?
37
Suppose 0 = 8*t - 707 - 1013. Calculate the highest common divisor of 301 and t.
43
Let t = -4 - -4. Suppose t = -n - 3*h + 7, 0*h - 7 = -3*n - 2*h. Let s be (1 + (-11)/n)*-11. Calculate the highest common factor of s and 10.
10
Let m be (-7)/21 - 1042/6. Let q = 317 + m. What is the highest common divisor of q and 13?
13
Let f(d) = 5*d**2 - 7*d + 2. Let s be f(5). Suppose k - 23 = -t, -4*k + t = -15 - s. Suppose 0 = -q - q + 52. Calculate the greatest common divisor of q and k.
26
Let u be (-5625)/(-100)*16/6. What is the highest common divisor of u and 675?
75
Suppose f = 6*f. Suppose -3*d + f*d + 99 = 0. Suppose -3*o - 5 - 28 = -v, -v = -4*o - d. What is the highest common divisor of v and 22?
11
Suppose f = 6*f - 120. Let u be 2 - (1 + f)/(-1). Let q = 24 + -15. What is the greatest common factor of u and q?
9
Suppose 560 = 11*y - 34. What is the greatest common factor of y and 135?
27
Suppose -2*m = 2*m - 440. Let l(i) = -2*i - 4. Suppose -5*j = -4*h - 0*h - 33, 18 = -3*h - 3*j. Let o be l(h). What is the greatest common divisor of o and m?
10
Let k be 12/(-54) - 200/(-9). Suppose -23*c = -k*c - 58. Calculate the highest common divisor of c and 145.
29
Let m be -4 - (1316/(-6) + (-40)/60). Calculate the greatest common divisor of 8 and m.
8
Suppose 61*c - 49 = 73. What is the highest common divisor of 474 and c?
2
Let l(v) be the first derivative of v**4/4 + 2*v**3 - 4*v**2 + 6*v - 12. Let n be l(-7). Calculate the greatest common factor of 13 and n.
13
Suppose 7*q = 20*q - 4797. What is the highest common divisor of q and 164?
41
Let b(t) = t**2 + 2*t - 11. Let o be b(-5). Suppose 0 = -4*z - z - 5*g + 225, -o*g = -z + 40. Calculate the highest common divisor of 66 and z.
22
Let o = 427 - 376. Calculate the highest common factor of 867 and o.
51
Let n = -161 - -341. What is the highest common divisor of n and 420?
60
Let i be -2*((-11)/(-2) + 2). Let j be 108/20 - 9/i. Let l = -15 - -21. Calculate the greatest common factor of l and j.
6
Suppose 26*z - 3312 = 17*z. Calculate the greatest common factor of z and 16.
16
Let j(x) = x**3 - x**2 - 5*x + 3. Let q(l) = l**2 - 1. Let s(z) = j(z) - 2*q(z). Let n be s(4). Let g = 59 + n. Calculate the highest common factor of 15 and g.
15
Let w = -2928 - -4341. Calculate the greatest common divisor of 628 and w.
157
Suppose -5*i + 4*b = 17 + 5, -b = 2. Let a be (-39)/i - (-3)/(-6). Calculate the greatest common factor of 138 and a.
6
Let b be 16/(-20) - (-2864)/80. Calculate the highest common divisor of b and 63.
7
Let i(z) = -2*z + 8. Let s be i(3). Let w be (-22)/(-18) - s/9. What is the highest common factor of w and 1?
1
Let p = -261 + 492. What is the greatest common divisor of 33 and p?
33
Let y = -1 - -6. Suppose 4*b - b + 53 = y*d, -3*b = 3. Let t = 125 + -75. What is the highest common factor of d and t?
10
Let s = -8 - -3. Let l = s + 6. Let c be (l/(-3))/((-2)/90). What is the greatest common divisor of 6 and c?
3
Let u be (2/(-4))/((-12)/120). Let q be -3 - (-22)/(7 - u). What is the highest common divisor of q and 1?
1
Let k = -998 + 1200. Calculate the highest common factor of 4 and k.
2
Suppose -13*i - 79 = -534. What is the highest common divisor of 10 and i?
5
Let g = 105 - 56. Let z = 577 - g. Suppose -14*a + 12*a + z = 0. Calculate the greatest common divisor of a and 24.
24
Let t(o) = -4*o - 58. Let h be t(-16). Suppose -h*s - 5*s = -99. Calculate the greatest common factor of 45 and s.
9
Let o be 4/(-2)*(-8591)/(-22). Let x = 1309 + o. What is the greatest common factor of 48 and x?
48
Let p(i) = -i**3 - 17*i**2 - i. Let f be p(-17). Let k(n) = n + 101. Let j be k(18). What is the greatest common divisor of f and j?
17
Let m be -82*((-7)/(-2) + -4). Suppose -7 = -l - f, 6*l - m 